{"id":382,"date":"2023-06-02T18:20:32","date_gmt":"2023-06-02T16:20:32","guid":{"rendered":"https:\/\/jeremieb.fr\/?page_id=382"},"modified":"2023-06-05T22:52:50","modified_gmt":"2023-06-05T20:52:50","slug":"missions","status":"publish","type":"page","link":"https:\/\/jeremieb.fr\/index.php\/missions\/","title":{"rendered":"Je vous accompagne pour &#8230;"},"content":{"rendered":"\n<p><\/p>\n\n\n\n<div class=\"wp-block-media-text alignwide has-media-on-the-right is-stacked-on-mobile is-vertically-aligned-center has-background\" style=\"background-color:#50B1B5\"><div class=\"wp-block-media-text__content\">\n<div class=\"wp-block-group\" style=\"padding-top:2em;padding-right:2em;padding-bottom:2em;padding-left:2em\"><div class=\"wp-block-group__inner-container is-layout-flow wp-block-group-is-layout-flow\">\n<p class=\"has-text-align-center\" style=\"font-size:36px;line-height:1.2\"><strong>Aide au choix<\/strong><\/p>\n\n\n\n<p class=\"has-text-align-center\">Cadrage &#8211; D\u00e9finition du besoin &#8211; Cahier des charges &#8211; Grille de choix &#8211; Soutenance &#8211; Choix <\/p>\n\n\n\n<p><\/p>\n<\/div><\/div>\n<\/div><figure class=\"wp-block-media-text__media\"><img loading=\"lazy\" decoding=\"async\" width=\"770\" height=\"513\" src=\"http:\/\/jeremieb.fr\/wp-content\/uploads\/2023\/06\/1336394-faire-des-choix-le-mal-du-siecle.jpg\" alt=\"\" class=\"wp-image-383 size-full\" srcset=\"https:\/\/jeremieb.fr\/wp-content\/uploads\/2023\/06\/1336394-faire-des-choix-le-mal-du-siecle.jpg 770w, https:\/\/jeremieb.fr\/wp-content\/uploads\/2023\/06\/1336394-faire-des-choix-le-mal-du-siecle-300x200.jpg 300w, https:\/\/jeremieb.fr\/wp-content\/uploads\/2023\/06\/1336394-faire-des-choix-le-mal-du-siecle-768x512.jpg 768w, https:\/\/jeremieb.fr\/wp-content\/uploads\/2023\/06\/1336394-faire-des-choix-le-mal-du-siecle-360x240.jpg 360w\" sizes=\"auto, (max-width: 770px) 100vw, 770px\" \/><\/figure><\/div>\n\n\n\n<p class=\"has-text-align-center\">&#8211;<\/p>\n\n\n\n<div class=\"wp-block-media-text alignwide is-stacked-on-mobile is-vertically-aligned-center has-background\" style=\"background-color:#D0CECE\"><figure class=\"wp-block-media-text__media\"><img loading=\"lazy\" decoding=\"async\" width=\"911\" height=\"630\" src=\"http:\/\/jeremieb.fr\/wp-content\/uploads\/2023\/06\/craiyon_222958_audit-1.png\" alt=\"\" class=\"wp-image-403 size-full\" srcset=\"https:\/\/jeremieb.fr\/wp-content\/uploads\/2023\/06\/craiyon_222958_audit-1.png 911w, https:\/\/jeremieb.fr\/wp-content\/uploads\/2023\/06\/craiyon_222958_audit-1-300x207.png 300w, https:\/\/jeremieb.fr\/wp-content\/uploads\/2023\/06\/craiyon_222958_audit-1-768x531.png 768w\" sizes=\"auto, (max-width: 911px) 100vw, 911px\" \/><\/figure><div class=\"wp-block-media-text__content\">\n<div class=\"wp-block-group\" style=\"padding-top:2em;padding-right:2em;padding-bottom:2em;padding-left:2em\"><div class=\"wp-block-group__inner-container is-layout-flow wp-block-group-is-layout-flow\">\n<p class=\"has-text-align-center\" style=\"font-size:36px;line-height:1.2\"><strong>Audits<\/strong> <strong>des processus et\/ou du SIRH<\/strong><\/p>\n\n\n\n<p class=\"has-text-align-center has-extra-small-font-size\">Etude &#8211; Interview &#8211; Ateliers collectifs &#8211;  Plan d&rsquo;action &#8211; Priorisation &#8211; Calibrage &#8211; Analyse d&rsquo;impact &#8211; Accompagnement<\/p>\n<\/div><\/div>\n<\/div><\/div>\n\n\n\n<p class=\"has-text-align-center\">&#8211;<\/p>\n\n\n\n<div class=\"wp-block-media-text alignwide has-media-on-the-right is-stacked-on-mobile is-vertically-aligned-center has-background\" style=\"background-color:#C0E53F\"><div class=\"wp-block-media-text__content\">\n<div class=\"wp-block-group\" style=\"padding-top:2em;padding-right:2em;padding-bottom:2em;padding-left:2em\"><div class=\"wp-block-group__inner-container is-layout-flow wp-block-group-is-layout-flow\">\n<p class=\"has-text-align-center\" style=\"font-size:36px;line-height:1.2\"><strong>Processus<\/strong> <strong>m\u00e9tiers<\/strong><\/p>\n\n\n\n<p class=\"has-text-align-center has-extra-small-font-size\">Analyse &#8211; D\u00e9finition des processus &#8211; Sch\u00e9matisation des processus &#8211; Etude d&rsquo;impact &#8211; Etude d&rsquo;impact d&rsquo;une digitalisation &#8211; B\u00e9n\u00e9fices utilisateurs &#8211; Accompagnement du changement<\/p>\n<\/div><\/div>\n<\/div><figure class=\"wp-block-media-text__media\"><img loading=\"lazy\" decoding=\"async\" width=\"1024\" height=\"629\" src=\"https:\/\/jeremieb.fr\/wp-content\/uploads\/2023\/06\/work-4051777_1280-1-1024x629.jpg\" alt=\"\" class=\"wp-image-392 size-full\" srcset=\"https:\/\/jeremieb.fr\/wp-content\/uploads\/2023\/06\/work-4051777_1280-1-1024x629.jpg 1024w, https:\/\/jeremieb.fr\/wp-content\/uploads\/2023\/06\/work-4051777_1280-1-300x184.jpg 300w, https:\/\/jeremieb.fr\/wp-content\/uploads\/2023\/06\/work-4051777_1280-1-768x472.jpg 768w, https:\/\/jeremieb.fr\/wp-content\/uploads\/2023\/06\/work-4051777_1280-1.jpg 1280w\" sizes=\"auto, (max-width: 1024px) 100vw, 1024px\" \/><\/figure><\/div>\n\n\n\n<p class=\"has-text-align-center\">&#8211;<\/p>\n\n\n\n<div class=\"wp-block-media-text alignwide is-stacked-on-mobile is-vertically-aligned-center has-background\" style=\"background-color:#60F2F5\"><figure class=\"wp-block-media-text__media\"><img loading=\"lazy\" decoding=\"async\" width=\"250\" height=\"200\" src=\"https:\/\/jeremieb.fr\/wp-content\/uploads\/2023\/06\/craiyon_224450_Digitalisation-1.png\" alt=\"\" class=\"wp-image-409 size-full\"\/><\/figure><div class=\"wp-block-media-text__content\">\n<div class=\"wp-block-group\" style=\"padding-top:2em;padding-right:2em;padding-bottom:2em;padding-left:2em\"><div class=\"wp-block-group__inner-container is-layout-flow wp-block-group-is-layout-flow\">\n<p class=\"has-text-align-center\" style=\"font-size:36px;line-height:1.2\"><strong>Digitalisation<\/strong><\/p>\n\n\n\n<p class=\"has-text-align-center has-extra-small-font-size\">Audit &#8211; Enjeux et B\u00e9n\u00e9fices utilisateurs &#8211;&nbsp;Roadmap &nbsp;&#8211; Strat\u00e9gie &#8211; Processus m\u00e9tier &#8211; Pilotage &#8211; Accompagnement du changement &#8211; Performance RH et ROI<\/p>\n<\/div><\/div>\n\n\n\n<p><\/p>\n\n\n\n<p><\/p>\n<\/div><\/div>\n\n\n\n<p class=\"has-text-align-center\">&#8211;<\/p>\n\n\n\n<div class=\"wp-block-media-text alignwide has-media-on-the-right is-stacked-on-mobile is-vertically-aligned-center has-background\" style=\"background-color:#FEFB87\"><div class=\"wp-block-media-text__content\">\n<div class=\"wp-block-group\" style=\"padding-top:2em;padding-right:2em;padding-bottom:2em;padding-left:2em\"><div class=\"wp-block-group__inner-container is-layout-flow wp-block-group-is-layout-flow\">\n<p class=\"has-text-align-center\" style=\"font-size:36px;line-height:1.2\"><strong>AMOA Int\u00e9gration<\/strong><\/p>\n\n\n\n<p class=\"has-text-align-center has-extra-small-font-size\">Analyse &#8211; Configuration &#8211; Recette &#8211; Reprise de donn\u00e9es &#8211; Accompagnement du changement -Formation &#8211; Pilotage &#8211; Migration<\/p>\n<\/div><\/div>\n\n\n\n<p><\/p>\n\n\n\n<p><\/p>\n\n\n\n<p><\/p>\n\n\n\n<p><\/p>\n<\/div><figure class=\"wp-block-media-text__media\"><img loading=\"lazy\" decoding=\"async\" width=\"254\" height=\"245\" src=\"https:\/\/jeremieb.fr\/wp-content\/uploads\/2023\/06\/craiyon_225451_build.png\" alt=\"\" class=\"wp-image-411 size-full\"\/><\/figure><\/div>\n\n\n\n<p class=\"has-text-align-center\">&#8211;<\/p>\n\n\n\n<div class=\"wp-block-media-text alignwide is-stacked-on-mobile is-vertically-aligned-center has-background\" style=\"background-color:#04BDFE\"><figure class=\"wp-block-media-text__media\"><img loading=\"lazy\" decoding=\"async\" width=\"1024\" height=\"678\" src=\"http:\/\/jeremieb.fr\/wp-content\/uploads\/2023\/06\/2023-06-02_18h36_24-1024x678.png\" alt=\"\" class=\"wp-image-387 size-full\" srcset=\"https:\/\/jeremieb.fr\/wp-content\/uploads\/2023\/06\/2023-06-02_18h36_24-1024x678.png 1024w, https:\/\/jeremieb.fr\/wp-content\/uploads\/2023\/06\/2023-06-02_18h36_24-300x199.png 300w, https:\/\/jeremieb.fr\/wp-content\/uploads\/2023\/06\/2023-06-02_18h36_24-768x509.png 768w, https:\/\/jeremieb.fr\/wp-content\/uploads\/2023\/06\/2023-06-02_18h36_24.png 1064w\" sizes=\"auto, (max-width: 1024px) 100vw, 1024px\" \/><\/figure><div class=\"wp-block-media-text__content\">\n<div class=\"wp-block-group\" style=\"padding-top:2em;padding-right:2em;padding-bottom:2em;padding-left:2em\"><div class=\"wp-block-group__inner-container is-layout-flow wp-block-group-is-layout-flow\">\n<p class=\"has-text-align-center\" style=\"font-size:36px;line-height:1.2\"><strong>Transformation RH<\/strong><\/p>\n\n\n\n<p class=\"has-text-align-center has-extra-small-font-size\">Analyse &#8211; Conception &#8211; Organisation et Processus cibles, Communication &#8211; Formation, Gestion des risques &#8211; Digitalisation<\/p>\n\n\n\n<p><\/p>\n<\/div><\/div>\n<\/div><\/div>\n\n\n\n<p class=\"has-text-align-center\">&#8211;<\/p>\n\n\n\n<div class=\"wp-block-media-text alignwide has-media-on-the-right is-stacked-on-mobile is-vertically-aligned-center has-background\" style=\"background-color:#9DAEDC\"><div class=\"wp-block-media-text__content\">\n<div class=\"wp-block-group\" style=\"padding-top:2em;padding-right:2em;padding-bottom:2em;padding-left:2em\"><div class=\"wp-block-group__inner-container is-layout-flow wp-block-group-is-layout-flow\">\n<p class=\"has-text-align-center\" style=\"font-size:36px;line-height:1.2\"><strong>Accompagnement POEI<\/strong><\/p>\n\n\n\n<p class=\"has-text-align-center has-extra-small-font-size\">Cadrage &#8211; Pilotage &#8211; Conception p\u00e9dagogique &#8211; Syllabus &#8211; Validation des acquis continue et finale &#8211; Synchronisation des intervenants<\/p>\n\n\n\n<p><\/p>\n<\/div><\/div>\n<\/div><figure class=\"wp-block-media-text__media\"><img loading=\"lazy\" decoding=\"async\" width=\"615\" height=\"411\" src=\"http:\/\/jeremieb.fr\/wp-content\/uploads\/2023\/06\/job-seeker.jpg\" alt=\"\" class=\"wp-image-434 size-full\" srcset=\"https:\/\/jeremieb.fr\/wp-content\/uploads\/2023\/06\/job-seeker.jpg 615w, https:\/\/jeremieb.fr\/wp-content\/uploads\/2023\/06\/job-seeker-300x200.jpg 300w, https:\/\/jeremieb.fr\/wp-content\/uploads\/2023\/06\/job-seeker-360x240.jpg 360w\" sizes=\"auto, (max-width: 615px) 100vw, 615px\" \/><\/figure><\/div>\n\n\n\n<p class=\"has-text-align-center\">&#8211;<\/p>\n\n\n\n<div class=\"wp-block-media-text alignwide is-stacked-on-mobile is-vertically-aligned-center has-background\" style=\"background-color:#D85574\"><figure class=\"wp-block-media-text__media\"><img loading=\"lazy\" decoding=\"async\" width=\"1024\" height=\"723\" src=\"https:\/\/jeremieb.fr\/wp-content\/uploads\/2023\/06\/formations-site-1024x723.jpg\" alt=\"\" class=\"wp-image-436 size-full\" srcset=\"https:\/\/jeremieb.fr\/wp-content\/uploads\/2023\/06\/formations-site-1024x723.jpg 1024w, https:\/\/jeremieb.fr\/wp-content\/uploads\/2023\/06\/formations-site-300x212.jpg 300w, https:\/\/jeremieb.fr\/wp-content\/uploads\/2023\/06\/formations-site-768x542.jpg 768w, https:\/\/jeremieb.fr\/wp-content\/uploads\/2023\/06\/formations-site.jpg 1280w\" sizes=\"auto, (max-width: 1024px) 100vw, 1024px\" \/><\/figure><div class=\"wp-block-media-text__content\">\n<div class=\"wp-block-group\" style=\"padding-top:2em;padding-right:2em;padding-bottom:2em;padding-left:2em\"><div class=\"wp-block-group__inner-container is-layout-flow wp-block-group-is-layout-flow\">\n<p class=\"has-text-align-center\" style=\"font-size:36px;line-height:1.2\"><strong>Formation<\/strong><\/p>\n\n\n\n<p class=\"has-text-align-center has-extra-small-font-size\">D\u00e9finition des objectifs principaux et secondaires &#8211; Sc\u00e9nario p\u00e9dagogique &#8211; Kit de formation &#8211; Validation des acquis &#8211; Animation de formation.<\/p>\n\n\n\n<p><\/p>\n<\/div><\/div>\n<\/div><\/div>\n\n\n\n<p class=\"has-text-align-center\">&#8211;<\/p>\n\n\n\n<div class=\"wp-block-buttons is-content-justification-center is-layout-flex wp-container-core-buttons-is-layout-a89b3969 wp-block-buttons-is-layout-flex\">\n<div class=\"wp-block-button\"><a class=\"wp-block-button__link wp-element-button\" href=\"https:\/\/jeremieb.fr\/index.php\/les-formations-que-je-propose\/\" target=\"_blank\" rel=\"noreferrer noopener\">Mes interventions en formation<\/a><\/div>\n\n\n\n<div class=\"wp-block-button\"><a class=\"wp-block-button__link wp-element-button\" href=\"https:\/\/jeremieb.fr\/index.php\/mon-parcours-academique\/\" target=\"_blank\" rel=\"noreferrer noopener\">Mon parcours acad\u00e9mique<\/a><\/div>\n\n\n\n<div class=\"wp-block-button is-style-fill\"><a class=\"wp-block-button__link wp-element-button\" href=\"https:\/\/jeremieb.fr\/index.php\/mon-experience-professionnelle\/\" target=\"_blank\" rel=\"noreferrer noopener\">Mon exp\u00e9rience professionnelle<\/a><\/div>\n\n\n\n<div class=\"wp-block-button\"><a class=\"wp-block-button__link wp-element-button\" href=\"https:\/\/jeremieb.fr\/index.php\/mon-parcours-professionnel\" target=\"_blank\" rel=\"noreferrer noopener\">Mon parcours professionnel<\/a><\/div>\n\n\n\n<div class=\"wp-block-button\"><a class=\"wp-block-button__link wp-element-button\" href=\"https:\/\/jeremieb.fr\/index.php\/mes-competences\" target=\"_blank\" rel=\"noreferrer noopener\">Mes comp\u00e9tences<\/a><\/div>\n<\/div>\n\n\n\n<p class=\"has-text-align-center\">&#8211;<\/p>\n","protected":false},"excerpt":{"rendered":"<p>&#8211; &#8211; &#8211; &#8211; &#8211; &#8211; &#8211; &#8211; &#8211;<\/p>\n","protected":false},"author":1,"featured_media":0,"parent":0,"menu_order":0,"comment_status":"closed","ping_status":"closed","template":"","meta":{"om_disable_all_campaigns":false,"_monsterinsights_skip_tracking":false,"_monsterinsights_sitenote_active":false,"_monsterinsights_sitenote_note":"","_monsterinsights_sitenote_category":0,"_uf_show_specific_survey":0,"_uf_disable_surveys":false,"footnotes":""},"class_list":["post-382","page","type-page","status-publish","hentry"],"_links":{"self":[{"href":"https:\/\/jeremieb.fr\/index.php\/wp-json\/wp\/v2\/pages\/382","targetHints":{"allow":["GET"]}}],"collection":[{"href":"https:\/\/jeremieb.fr\/index.php\/wp-json\/wp\/v2\/pages"}],"about":[{"href":"https:\/\/jeremieb.fr\/index.php\/wp-json\/wp\/v2\/types\/page"}],"author":[{"embeddable":true,"href":"https:\/\/jeremieb.fr\/index.php\/wp-json\/wp\/v2\/users\/1"}],"replies":[{"embeddable":true,"href":"https:\/\/jeremieb.fr\/index.php\/wp-json\/wp\/v2\/comments?post=382"}],"version-history":[{"count":17,"href":"https:\/\/jeremieb.fr\/index.php\/wp-json\/wp\/v2\/pages\/382\/revisions"}],"predecessor-version":[{"id":446,"href":"https:\/\/jeremieb.fr\/index.php\/wp-json\/wp\/v2\/pages\/382\/revisions\/446"}],"wp:attachment":[{"href":"https:\/\/jeremieb.fr\/index.php\/wp-json\/wp\/v2\/media?parent=382"}],"curies":[{"name":"wp","href":"https:\/\/api.w.org\/{rel}","templated":true}]}}